x + -7. List the prime factors of g.
11
Let m(v) = -v**2 + 9*v + 10. Suppose -k = -1 - 8. Let p be m(k). What are the prime factors of 1*(1 - (1 - p))?
2, 5
Suppose -6 = z + 2. Let x = z + 5. What are the prime factors of x*(-8)/18*3?
2
Let t be 3/(-3)*(-11 + 0). What are the prime factors of -7 - -7 - -1*t?
11
Let u = -110 - -194. Suppose 2*q + 22 = 3*q + x, 3*x - u = -4*q. What are the prime factors of q?
2, 3
Let v = -225 - -319. List the prime factors of v.
2, 47
Let r(t) = t**2 - 4*t + 3. Let m be r(6). Suppose 0 = 6*l - 3*l - m. Suppose -2*i - 2 = -a, -4*i = l*a - a - 20. List the prime factors of a.
2
Let r = 13 + -13. What are the prime factors of -15*(r + 1 + -3)?
2, 3, 5
Let i(q) = -q**2 - 9*q + 11. Let y = 4 + -13. What are the prime factors of i(y)?
11
Let c(f) = f**2 - 5*f + 6. What are the prime factors of c(4)?
2
Let x(m) = 92*m**2 - m. What are the prime factors of x(1)?
7, 13
Suppose 2*k - 3*w + 12 = 0, -k + 6*k + 2*w - 8 = 0. Let a = 5 + k. Suppose 0*i + a*i = 25. What are the prime factors of i?
5
Suppose 3 = 2*t + 5*h + 1, -h = -t + 1. What are the prime factors of (t*11)/((-6)/(-18))?
3, 11
Suppose -60 = -4*m + 180. List the prime factors of m.
2, 3, 5
Let v be (0 - 0)*(-2)/(-4). Let k = -78 - -133. Suppose 4*w + w - k = v. List the prime factors of w.
11
Let g be 18/6 - (0 + 357). List the prime factors of g/(-24) + 2/8.
3, 5
Suppose 0 = x - 2*q - 4, 3*q - 5 = 1. List the prime factors of x.
2
Let l(v) = -v**3 - 8*v**2 - 12*v - 11. List the prime factors of l(-7).
2, 3
Let p be (1/(-3))/((-1)/(-3)). Let y = -2 - -3. Let u = y - p. List the prime factors of u.
2
Let s = -3 + 8. Let b(z) = -z**3 + 6*z**2 - 13*z - 7. Let u(m) = -m**3 + 6*m**2 - 12*m - 6. Let j(f) = 5*b(f) - 6*u(f). What are the prime factors of j(s)?
11
Let l(z) = 44*z**2 + 2*z + 1. List the prime factors of l(-1).
43
Suppose -4*u + 2 + 2 = -5*c, c + 20 = 4*u. Let z = 5 - u. What are the prime factors of 2/z + 19 + -2?
3, 5
Suppose 3*n - 18 = 42. Suppose b - n = -4*b. Suppose c - 85 = -b*c. List the prime factors of c.
17
Suppose -11 = k - 3*j, 0*j = k + 2*j - 14. Suppose -n = n + k*x + 4, -x + 2 = -n. Let a = n + 5. What are the prime factors of a?
3
Let x be (-185)/(-35) + 2/(-7). Suppose d = -x*g + 16, -39 = -5*d + g + 41. Suppose 3*b - d = b. What are the prime factors of b?
2
Suppose 30 = 5*a - 5*h, -4*h + 2 = a + 16. Suppose a*s = -2*s + 120. Suppose 2*o = 3*v - o, -s = -3*v - 3*o. What are the prime factors of v?
5
Let w(s) = -43*s - 8. List the prime factors of w(-1).
5, 7
Let f = 130 - 36. What are the prime factors of f?
2, 47
Suppose 7*i + 950 = 12*i. What are the prime factors of i?
2, 5, 19
List the prime factors of ((-39)/5)/((-1)/5).
3, 13
Let c(l) be the first derivative of -l**4/4 + 4*l**3/3 - l**2/2 + 3*l - 3. Let x be (-7)/(-2) - 2/4. What are the prime factors of c(x)?
3
Suppose -4*l = -3*v - 19, 0 = v + 4*v + l + 24. Let i = v - -10. Suppose -b + i = -6. What are the prime factors of b?
11
Suppose 2*i = 3*x - 198, -4*i + 7*i = -2*x + 119. List the prime factors of x.
2
Suppose 0 = -3*d - 5 + 11. Suppose -o + 4*t - 7 = -2*o, 0 = -5*o + d*t + 57. List the prime factors of o.
11
List the prime factors of 2 + (-2)/(4/(-210)).
107
Let n be 2/8 + 145/(-20). Let s(j) = j**3 + 9*j**2 + 11*j + 5. What are the prime factors of s(n)?
2, 13
Let y be 5*((-144)/10)/3. Let r = y - -39. List the prime factors of r + (-3)/(3/2).
13
Let k(a) be the second derivative of -a**6/120 - a**5/15 + a**4/8 + a**2 - a. Let l(s) be the first derivative of k(s). List the prime factors of l(-5).
2, 5
Let z = 29 - 21. Suppose 3*h - h = z. Suppose 0 = 4*i + 3*c - 44, -h*i - 3*c + 40 = -c. List the prime factors of i.
2
Suppose 240 = 4*f - 4*t, 237 = 5*f + 4*t - 18. List the prime factors of f.
5, 11
Let r = -5 - -9. Suppose 3*x = 4*x + r*i - 6, 4*x - i = 41. What are the prime factors of x?
2, 5
Suppose 2*s + 3*n = 133, -5*s + 0*n + n = -375. List the prime factors of s.
2, 37
Suppose -j = -3*j + 198. What are the prime factors of j?
3, 11
Suppose -2*q = 2*f + 2, 4 = -2*f + 6*f - 4*q. Let k = 18 + f. What are the prime factors of k?
2, 3
Let m be 1 + 2/((-2)/(-25)). Suppose 5*h - m = 154. What are the prime factors of h?
2, 3
Let c = -23 + 23. Let z(g) = -3*g + 17. What are the prime factors of z(c)?
17
Suppose -2*k - 1 = -2*r - 5, 2*r - 11 = -k. Suppose -q + 11 = -i, 5*i + 8 = -k*q + 23. What are the prime factors of q?
7
Suppose 2*m - 2*w = 30, 0 = -5*m + m + 5*w + 63. List the prime factors of m.
2, 3
Suppose -36 + 11 = -5*v. Suppose 4*h - v*t - 60 = -2*t, -2*h - 4*t + 30 = 0. What are the prime factors of h?
3, 5
List the prime factors of 11 - (-3 - (-8 + 1)).
7
Suppose 713 = 5*u - 82. List the prime factors of u.
3, 53
Suppose 2*t = -t + 12. Let l = t + -2. What are the prime factors of 14/l + (-4 - -4)?
7
Let b be ((-6)/5)/(4/(-10)). Suppose -150 = -4*s - s - 5*l, -3*s + b*l = -90. List the prime factors of s.
2, 3, 5
Let k(h) = h. Let q be k(-4). Suppose -4*u - 43 = -3*g, -4*u - 4 - 57 = -5*g. Let t = q + g. List the prime factors of t.
5
Let d(x) = 6*x**2 - x - 2. List the prime factors of d(-3).
5, 11
Suppose 0*d - d - 16 = -4*c, -3*c + 17 = -2*d. List the prime factors of 35/2 + c/6.
2, 3
Suppose 0 = -2*v + 13 + 37. Suppose -d + v = 2*d + l, 0 = 3*l + 15. Suppose -2*q - 3*q = -d. List the prime factors of q.
2
List the prime factors of 2*(-89)/(-3)*(-21)/(-14).
89
Let m(z) = -3*z**3 + 3*z**2 - 4*z - 5. What are the prime factors of m(-3)?
5, 23
Suppose -4*j + 3 + 21 = 0. List the prime factors of j.
2, 3
Suppose -2 + 0 = -u. Suppose 0*g + u*p = -4*g, g + 3*p = 0. Suppose g = -z + 5*h + 29, 0 = h + 4. What are the prime factors of z?
3
Suppose 4*z - 13 = 3*z. Let t = z - -6. List the prime factors of t.
19
Suppose 2*s + 8*g - 181 = 5*g, 2*s - 183 = -5*g. List the prime factors of s.
89
Let q = 68 - 44. Let o = -10 + q. List the prime factors of o.
2, 7
Let l(s) = -s**3 + 8*s**2 + 12*s - 15. List the prime factors of l(8).
3
Suppose -2244 = x - 12*x. What are the prime factors of x?
2, 3, 17
Suppose -4*k = k. Suppose 5*s - s - 16 = k. Suppose -2*m + 0 = -s. List the prime factors of m.
2
Let g(b) = b**2 + 2*b - 5. Let c be ((-12)/9)/(2/6). Let u be g(c). Let o(n) = 3*n + 1. What are the prime factors of o(u)?
2, 5
Let n = 61 + 19. What are the prime factors of n?
2, 5
Let s(f) = f**3 + 4*f**2 + 3*f - 1. Let p be s(-3). Let t(l) be the second derivative of 5*l**4/12 + l**3/3 + l**2/2 + l. What are the prime factors of t(p)?
2
Let u(a) = -4*a**2 - 2*a + 5 + a**3 - 2*a**2 + 6*a. Let h be u(5). Suppose y = -h*y - x + 8, -4*y + 2 = -2*x. What are the prime factors of y?
3
Suppose -133 = -8*i + i. List the prime factors of i.
19
List the prime factors of (0 - -5)*51/15.
17
Let p be 5/(15/27) + -4. Suppose p*j + 2*z = 155, -5*z + 2*z - 180 = -5*j. What are the prime factors of j?
3, 11
List the prime factors of (-23 + 13)*12/(-2).
2, 3, 5
Suppose -2*i - 24 = -4*i - 4*v, -4*i - v + 27 = 0. Suppose 2 = -2*q + i. List the prime factors of q.
2
Suppose -n = -2*n + 3. Let v be n/(-2)*(-20)/(-3). Let a = v + 15. List the prime factors of a.
5
Suppose 2*h = 3*z - 0*h - 183, -3*z - h + 192 = 0. List the prime factors of z.
3, 7
Let w(s) = 18*s - 2. Let g be w(2). Suppose -i - 6 = -g. Suppose -1 + 6 = -5*h, i = 3*v - 4*h. What are the prime factors of v?
2
Let d(l) = l**2 - 11*l + 14. Let r be d(10). Suppose u - 3 = 0, -3*h - 5*u = -r*h. Suppose 2*p - 5*n - 35 = 0, p + 3*n + h = -n. List the prime factors of p.
5
Let b(p) be the third derivative of p**4/12 + p**3/3 - p**2. List the prime factors of b(3).
2
Let m(f) = -f**3 + 19*f**2 - 11*f + 39. List the prime factors of m(18).
3, 5, 11
Let k(n) = -n**2 - 7*n - 7. Let v be k(-5). Suppose 18 = 5*t - 27. Suppose 0 = v*i - 33 - t. List the prime factors of i.
2, 7
Suppose 2*g = -5 + 11. Suppose g*k = -k + 12. List the prime factors of k.
3
Let k = 9 + -4. Let u = k - 1. Suppose u*l = -12, l = -4*o + 11 + 54. List the prime factors of o.
17
Let w = 6 - 1. Let a = 4 + w. List the prime factors of a.
3
Suppose 6*c = 2*c + 3*g + 17, 0 = -4*c - 3*g - 1. Suppose -4*v + f = -3*f - 88, -145 = -5*v - c*f. List the prime factors of v.
3
Suppose 3*b - 31 = -2*a - 2*b, -a = -5*b + 22. Let x be 25/(-15) - 1/a. List the prime factors of ((